 ((1 - 10) + 3)
6
What is (0 - 1) + (-6 - -3 - -9)?
5
What is 1 + -12 - (29 + -35)?
-5
What is -1 - (-4 - (8 + -8))?
3
What is the value of 15 + -18 + 2 + 6?
5
(3 - 1) + 1 - (4 - -4)
-5
What is the value of 0 - ((-5 - -4) + 0 - 0)?
1
What is 5 - (-1 - 0 - -3)?
3
Evaluate -97 + 93 - ((-2 - 0) + -1).
-1
Calculate -1 - (-2 + 4 - 6).
3
Calculate (-4 - (2 + 1 - 4)) + 1.
-2
Calculate -4 + 4 + -2 + 2 + -3.
-3
Calculate (-18 + 6 - -7 - -6) + -2.
-1
Evaluate -9 + 3 - -3 - -4 - 3.
-2
Evaluate (-6 + 13 - 10) + 3.
0
Calculate (1 - -5) + -1 + -10.
-5
What is -6 + 9 - (2 + 6) - 0?
-5
(-1 - (7 + -3 + -4)) + 5
4
Evaluate 9 + 4 + 0 + -11 + 2.
4
What is (0 - 3) + 6 + 1 + -7?
-3
What is (-6 - (-16 - -5)) + -3 + -2?
0
Calculate 10 + 1 + -9 - (2 - -1).
-1
What is the value of (-9 - -6) + (0 - (-2 + 6))?
-7
Evaluate (-3 - -4) + -10 - -4.
-5
Evaluate -2 + 11 - (-9 + 11).
7
Calculate -1 + 0 + (-1 - 3) + 3.
-2
Calculate -4 - ((0 - 12) + (-9 - -16)).
1
(-1 + 1 - -9) + -7
2
What is the value of 0 + 1 + -1 - (-2 - -1)?
1
What is the value of (2 - -4) + (-5 - 0)?
1
What is the value of (3 - (4 + 2)) + 5 + -9?
-7
What is (-82 - -76) + (1 - (4 + -1))?
-8
Calculate (-1 - 7) + 7 + 4 + -3.
0
What is the value of 3 + (-4 - (-4 - -4))?
-1
Calculate 2 + -3 + -5 - -4.
-2
4 + (-12 - 4) + 2
-10
Calculate 1 - 0 - (133 - 127).
-5
Evaluate 1 + -1 + 0 + (8 - 6).
2
Calculate 10 - 12 - -4 - (-1 + 3).
0
What is 4 - 4 - (-6 - (-3 + 0))?
3
Evaluate 0 - (3 + -4 + -3 + 4).
0
What is the value of 8 + (6 - 7 - 4)?
3
Evaluate -1 + 1 - (13 + -5 - 6).
-2
What is 9 - (3 + 6 + (3 - 6))?
3
Calculate (-3 - 0) + (29 - 24).
2
Calculate 4 - (1 + -2 - -6).
-1
What is 6 + -1 - (-3 - -5) - 0?
3
Evaluate 5 - -1 - (-22 - -23).
5
Evaluate -6 + 4 + 6 - (3 + 3).
-2
-8 + (-3 - -8) + 9
6
4 - 4 - 1 - (5 + -1)
-5
(7 - -3) + -41 + 33
2
What is 2 + (0 - 5 - -10 - 15)?
-8
5 - 1 - (2 - -2)
0
Evaluate 2 + 4 + -9 + 0.
-3
Evaluate 1 - -1 - (9 - 8 - 1).
2
Calculate -1 + (7 - (7 + 0)).
-1
Evaluate 3 - 3 - (-4 + -1 + 1).
4
Calculate (1 - 4) + 0 + 5 - -5.
7
Calculate 3 + (-14 + 5 - -8).
2
What is the value of -1 - ((1 - 3) + 4 + 1)?
-4
What is the value of 6 + -8 + 2 + 6?
6
Calculate -1 + -10 + 8 - (5 - 0).
-8
Calculate 17 + -22 - (1 + -3).
-3
(-7 - (-4 + 2)) + (21 - 16)
0
Evaluate (-9 - -5) + (1 - -3) - -5.
5
Evaluate -3 - ((1 - 2) + (4 - 3)).
-3
Evaluate 8 + (-5 - 7) + 6.
2
What is (-2 - -3) + (2 - (-5 + 7))?
1
-6 + 0 + 3 + -3 + 1
-5
What is (2 - 0) + -6 - -1 - -3?
0
What is (-8 - 2) + 4 + 0?
-6
What is the value of -6 + 5 + -1 + (-8 - -6)?
-4
What is 0 + (-5 - -5 - 6) - -1?
-5
1 + -3 + (3 - -1) + -4
-2
What is 11 + (1 - (6 - -1))?
5
What is -3 + (-3 - 0) + (13 - 11)?
-4
What is the value of 99 - 97 - (-2 + -4)?
8
What is the value of -30 + 34 + -6 + -3 + 0?
-5
2 + 2 - (11 + 2 + -3)
-6
(-10 - 1) + 8 + -1 + -2
-6
26 + -8 + -6 + -9
3
Calculate 0 - ((4 - 11) + 4).
3
Evaluate 7 + 2 + -5 - (5 - 6).
5
What is 10 + -10 + 0 + 3?
3
What is (1 - 14) + -84 + 92?
-5
(2 - 0) + -2 - 1
-1
What is the value of 1 + 4 + -20 + 5 - -5?
-5
What is -2 + 6 + -7 + 8?
5
Evaluate -7 + -8 + 15 - -4.
4
1 + 3 + 0 + (8 - 7)
5
What is -1 + (3 - -3) + -2?
3
Calculate (5 - 0) + -1 - (5 - -1).
-2
What is the value of 1 + -3 - (-8 + 5 + 4)?
-3
0 - ((-12 - -17) + 1 + -2)
-4
(-4 - (0 - -3)) + (2 - 0)
-5
Evaluate (-1 - 4) + 5 - -1.
1
Evaluate -10 - ((0 - -1) + -8).
-3
What is 7 - (1 + 1 - (-5 - -5))?
5
(-2 - (0 + -6)) + 1
5
What is the value of 2 + (-3 + 0 - -1) - -3?
3
What is (81 - 71) + -8 + -1?
1
Calculate (40 - 13) + -15 - (0 + 6).
6
Evaluate 3 + -7 - (4 + -5).
-3
3 - (-7 - (0 - 13))
-3
What is -3 - (3 - 4) - -7?
5
What is the value of 1 + 0 - (-154 + 152)?
3
Evaluate 1 + -7 + (0 - -3) - -11.
8
Evaluate -9 - (1 + 4 - 9).
-5
Calculate -1 + 2 - (0 - -2).
-1
Calculate -4 - (10 + 3 + -10).
-7
Evaluate 1 - -1 - 4 - 2.
-4
What is 0 - 4 - (-4 - 0)?
0
What is (3 - 8) + 4 + 7?
6
What is 5 + 0 + 1 + -4?
2
(-3 - (-10 + 1)) + (-2 - 8)
-4
What is the value of (7 - (3 - -1)) + (1 - 5)?
-1
What is (9 - -4) + -5 + -9?
-1
What is 1 + -8 + (13 - (-19 - -28))?
-3
Evaluate 3 - (-1 + -1) - 2.
3
What is the value of 2 - (-10 + 7 - -1)?
4
8 + (2 - 5 - 5)
0
-10 - (-3 - 3 - -2)
-6
-2 + (9 - 2) + (5 - 5)
5
1 - 1 - (4 + -4)
0
Evaluate (-3 - -8) + -1 + -2 + -7.
-5
Evaluate 0 + (-4 - -2) + 4 + -1.
1
What is the value of 0 + 2 - 1 - (-8 + 4)?
5
Evaluate -1 + 4 + -21 + 10.
-8
What is 17 + -11 - (7 - -1) - 3?
-5
Calculate 3 + (2 - -2) + -1 + -4.
2
What is the value of -15 + 10 + -3 + 6?
-2
Evaluate -18 + (2 - -7) + 2.
-7
What is -13 + 2 - -11 - (-1 + 0)?
1
What is -6 + (0 - -2 - -6) - 2?
0
What is 0 + (10 + -12 - (-1 + -5))?
4
What is -1 + -3 - (-6 - 0)?
2
Calculate -12 + (4 - (3 + -1)) + 3.
-7
Calculate 5 - 12 - -8 - (-4 - -4).
1
What is the value of (-3 + -2 - -3) + 4?
2
What is 15 + -1 + -10 - 4?
0
(-2 - 0 - (-49 - -45)) + 3
5
Evaluate 1 + (-1 - (2 + 0)).
-2
3 - 2 - 7 - -7
1
Calculate 1 + (-8 - -2) + 42 + -41.
-4
8 + -5 + 3 + 11 + -12
5
(-8 + 13 - -8) + -14
-1
Calculate 12 + -9 + -2 + 1 + 2.
4
What is (6 - -4 - 6) + -2?
2
What is the value of -2 - -1 - (1 + 7 + -12)?
3
What is the value of (0 - -3) + (16 - 16)?
3
Evaluate -6 - (-6 - ((0 - 2) + -3)).
-5
What is 6 + -3 + -2 + -1 + 4?
4
9 + (-1 + 7 - 9)
6
What is the value of 1 - (2 - (-1 + (0 - -3)))?
1
What is -10 + (2 - (-4 - 0))?
-4
Evaluate 1 + -3 + (11 - 13).
-4
What is 15 - 17 - (-1 - (-7 + 2))?
-6
-2 + -1 + (-3 - -7)
1
Evaluate (3 - 3) + 15 + -19.
-4
9 - 3 - (11 + -10)
5
What is the value of -1 + (1 - -2) + -3?
-1
Calculate 2 - (1 - -2 - 0 - 0).
-1
Calculate 0 - (1 + 0 + -3 + 1).
1
What is the value of 2 + -1 + 5 + (-3 - 2)?
1
-1 - (2 + 2 + -1)
-4
-1 + 10 + -7 + (2 - -1)
5
What is (-6 - -3 - (-5 - -1)) + 4?
5
What is 5 + -1 - (17 - 20 - -8)?
-1
What is 3 + (-1 - -5 - 7 - 0)?
0
What is (-2 - (-4 + -1)) + (1 - 8)?
-4
What is 0 + -2 + (10 - -5) + -7?
6
Evaluate -2 - (-1 - (1 + -5) - 0).
-5
Evaluate -2 - 5 - (11 + (-8 - 4)).
-6
3 - (0 + (-5 - (2 + -11)))
-1
What is the value of -7 - (-8 - -10) - -18?
9
0 + (4 - -6) + -7
3
What is the value of (-37 - -33) + (1 - (-2 - 2))?
1
What is 4 - (-3 + 1 + 4) - 2?
0
Calculate 5 - (4 - 0) - 5 - -10.
6
16 + -17 + (-1 - 0)
-2
What is 11 + -2 - (-2 + 1 - -5)?
5
Evaluate (-3 - -3) + (-2 - (4 - 8)).
2
3 - (4 - (-9 + 4)) - -1
-5
(-1 - (1 + 5)) + (-19 - -21)
-5
Calculate -4 + (-7 - (3 + -7)) + 7.
0
What is the value of 0 + 1 - (8 + -15 - -11)?
-3
Evaluate 0 + 0 + (14 - (4 - -8)).
2
What is the value of (-1 - 11 - -12) + -1 + 6?
5
Calculate (2 - 0 - 9) + (-22 - -26).
-3
What is the value of 1 - -4 - (-20 + 30)?
-5
What is the value of 7 + (-4 - 0 - -1)?
4
Evaluate (-3 - (1 - -2)) + -9 + 23.
8
What is 3 + 0 - (0 + -1 + -2)?
6
What is the value of (3 - 0) + 7 + -3?
7
Calculate (5 - 7) + -10 - (-4 - 1).
-7
2 + -12 - (-32 + 20)
2
(2 - 6) + -5 - -4
-5
What is the value of -21 + -5 + 11 - (1 - 7)?
-9
Calculate 34 + -39 + 1 + -2.
-6
What is the value of -4 + 7 - -3 - 3?
3
What is the value of 4 - -10 - (0 + 6)?
8
What is the value of 3 + 4 + -3 + -3 + 7?
8
Calculate 10 + -13 + 9 + 0.
6
What is -12 + 5 + 0 + 6?
-1
What is -17 - -20 - -3 - (1 + 7)?
-2
Evaluate 5 - (0 + 2 + -4 - -3).
4
Calculate -3 - (2 + -1 + (-35 - -38)).
-7
1 + (-7 - -14) - 7
1
What is (16 + -21 - (-2 + 5)) + 0?
-8
-6 + (8 - 0 - -4)
6
Evaluate 3 + (3 - 4) + (11 - 16).
-3
What is -3 - 0 - -4 - (8 + -6)?
-1
What is -2 - 1 - (-13 - -6)?
4
What is 16 + (7 - 16) - (-4 - -3)?
8
Evaluate 5 - (2 - (-4 - (-6 - -3))).
2
Evaluate 29 + -29 - (0 - 1).
1
-12 - 2 - (0 - 8)
-6
What is -10 + 8 + (4 - 7)?
-5
-2 + 0 + 1 - (4 + -6)
1
8 + (-4 - -11) + -19
-4
What is the value of 1 - (4 + -1 + -4)?
2
What is 2 + 0 + -5 + 2?
-1
Evaluate -6 + -5 - (-11 - (5 - 10)).
-5
What is 8 - (-5 + 9 + 1)?
3
-9 - (-4 + -5 + 5 - -5)
-10
What is -6 - 1 - (-2 + -2)?
-3
Calculate -6 + 11 + -4 - (0 - 1).
2
What is the value of -2 - (0 - (5 - 2))?
1
(-8 - 4 - -23) + -7
4
Evaluate -4 - (-3 - 1) - (-5 + 7).
-2
What is the value of (-4 - -5) + -2 + -3?
-4
What is -17 + 20 - (1 - (-4 - -3))?
1
What is -7 - (4 + -5 + 5 - 4)?
-7
-4 - -7 - (-9 - (8 + -12))
8
What is the value of 5 + (-12 - -4) - -2 - -5?
4
Calculate 1 - -1 - (-4 - -2).
4
What is the value of -4 + (-1 - (-6 + 4)) - -1?
-2
Evaluate (0 - (-3 - (0 + -4))) + 3.
2
Evaluate 0 - 1 - (-8 - -7) - 0.
0
Evaluate 7 - (-9 + 21 + -2).
-3